{"version":"1.0","provider_name":"Alquiler de motos mensual y Renting para Empresas","provider_url":"https:\/\/rideon.es\/renting-empresas","title":"Leuchtt\u00fcrme von Menorca und Fornells","type":"rich","width":600,"height":338,"html":"<blockquote class=\"wp-embedded-content\" data-secret=\"N3xHjoqF0Y\"><a href=\"https:\/\/rideon.es\/renting-empresas\/headlights-of-menorca-and-fornells-2\/\">Leuchtt\u00fcrme von Menorca und Fornells<\/a><\/blockquote><iframe sandbox=\"allow-scripts\" security=\"restricted\" src=\"https:\/\/rideon.es\/renting-empresas\/headlights-of-menorca-and-fornells-2\/embed\/#?secret=N3xHjoqF0Y\" width=\"600\" height=\"338\" title=\"\u00abLeuchtt\u00fcrme von Menorca und Fornells\u00bb \u2014 Alquiler de motos mensual y Renting para Empresas\" data-secret=\"N3xHjoqF0Y\" frameborder=\"0\" marginwidth=\"0\" marginheight=\"0\" scrolling=\"no\" class=\"wp-embedded-content\"><\/iframe><script type=\"text\/javascript\">\n\/* <![CDATA[ *\/\n\/*! This file is auto-generated *\/\n!function(d,l){\"use strict\";l.querySelector&&d.addEventListener&&\"undefined\"!=typeof URL&&(d.wp=d.wp||{},d.wp.receiveEmbedMessage||(d.wp.receiveEmbedMessage=function(e){var t=e.data;if((t||t.secret||t.message||t.value)&&!\/[^a-zA-Z0-9]\/.test(t.secret)){for(var s,r,n,a=l.querySelectorAll('iframe[data-secret=\"'+t.secret+'\"]'),o=l.querySelectorAll('blockquote[data-secret=\"'+t.secret+'\"]'),c=new RegExp(\"^https?:$\",\"i\"),i=0;i<o.length;i++)o[i].style.display=\"none\";for(i=0;i<a.length;i++)s=a[i],e.source===s.contentWindow&&(s.removeAttribute(\"style\"),\"height\"===t.message?(1e3<(r=parseInt(t.value,10))?r=1e3:~~r<200&&(r=200),s.height=r):\"link\"===t.message&&(r=new URL(s.getAttribute(\"src\")),n=new URL(t.value),c.test(n.protocol))&&n.host===r.host&&l.activeElement===s&&(d.top.location.href=t.value))}},d.addEventListener(\"message\",d.wp.receiveEmbedMessage,!1),l.addEventListener(\"DOMContentLoaded\",function(){for(var e,t,s=l.querySelectorAll(\"iframe.wp-embedded-content\"),r=0;r<s.length;r++)(t=(e=s[r]).getAttribute(\"data-secret\"))||(t=Math.random().toString(36).substring(2,12),e.src+=\"#?secret=\"+t,e.setAttribute(\"data-secret\",t)),e.contentWindow.postMessage({message:\"ready\",secret:t},\"*\")},!1)))}(window,document);\n\/\/# sourceURL=https:\/\/rideon.es\/renting-empresas\/wp-includes\/js\/wp-embed.min.js\n\/* ]]> *\/\n<\/script>\n","thumbnail_url":null,"thumbnail_width":null,"thumbnail_height":null,"description":"Der h\u00f6chste Berg Menorca ist el Toro, abgeleitet von dem r\u00f6mischen Wort Tor (die H\u00f6he). Ein spektakul\u00e4rer Ausblick vom Berggipfel erlaubt den Blick auf den gesamten Umriss der Insel. Von der gro\u00dfen Terrasse, gebaut im h\u00f6heren Bereich, sieht man wie sich die Erde letztendlich in Wasser verwandelt. Wie aus Sicht eines Vogels, erblickt man im"}

Leuchttürme von Menorca und Fornells

<blockquote class="wp-embedded-content" data-secret="N3xHjoqF0Y"><a href="https://rideon.es/renting-empresas/headlights-of-menorca-and-fornells-2/">Leuchttürme von Menorca und Fornells</a></blockquote><iframe sandbox="allow-scripts" security="restricted" src="https://rideon.es/renting-empresas/headlights-of-menorca-and-fornells-2/embed/#?secret=N3xHjoqF0Y" width="600" height="338" title="«Leuchttürme von Menorca und Fornells» — Alquiler de motos mensual y Renting para Empresas" data-secret="N3xHjoqF0Y" frameborder="0" marginwidth="0" marginheight="0" scrolling="no" class="wp-embedded-content"></iframe><script type="text/javascript">
/* <![CDATA[ */
/*! This file is auto-generated */
!function(d,l){"use strict";l.querySelector&&d.addEventListener&&"undefined"!=typeof URL&&(d.wp=d.wp||{},d.wp.receiveEmbedMessage||(d.wp.receiveEmbedMessage=function(e){var t=e.data;if((t||t.secret||t.message||t.value)&&!/[^a-zA-Z0-9]/.test(t.secret)){for(var s,r,n,a=l.querySelectorAll('iframe[data-secret="'+t.secret+'"]'),o=l.querySelectorAll('blockquote[data-secret="'+t.secret+'"]'),c=new RegExp("^https?:$","i"),i=0;i<o.length;i++)o[i].style.display="none";for(i=0;i<a.length;i++)s=a[i],e.source===s.contentWindow&&(s.removeAttribute("style"),"height"===t.message?(1e3<(r=parseInt(t.value,10))?r=1e3:~~r<200&&(r=200),s.height=r):"link"===t.message&&(r=new URL(s.getAttribute("src")),n=new URL(t.value),c.test(n.protocol))&&n.host===r.host&&l.activeElement===s&&(d.top.location.href=t.value))}},d.addEventListener("message",d.wp.receiveEmbedMessage,!1),l.addEventListener("DOMContentLoaded",function(){for(var e,t,s=l.querySelectorAll("iframe.wp-embedded-content"),r=0;r<s.length;r++)(t=(e=s[r]).getAttribute("data-secret"))||(t=Math.random().toString(36).substring(2,12),e.src+="#?secret="+t,e.setAttribute("data-secret",t)),e.contentWindow.postMessage({message:"ready",secret:t},"*")},!1)))}(window,document);
//# sourceURL=https://rideon.es/renting-empresas/wp-includes/js/wp-embed.min.js
/* ]]> */
</script>

Der höchste Berg Menorca ist el Toro, abgeleitet von dem römischen Wort Tor (die Höhe). Ein spektakulärer Ausblick vom Berggipfel erlaubt den Blick auf den gesamten Umriss der Insel. Von der großen Terrasse, gebaut im höheren Bereich, sieht man wie sich die Erde letztendlich in Wasser verwandelt. Wie aus Sicht eines Vogels, erblickt man im
